or of 3 and v?
3
Let p be 6/33 + ((-284)/(-11) - -2). Let z be (-272)/p - 10/35. Let l be 9/45 + (-108)/z. Calculate the highest common factor of 88 and l.
11
Suppose 23*o = 14*o + 36. Suppose -o*d + 18 = -x - 31, -5*d + 68 = x. Let v be (-1 - 0)*-106 - 2. Calculate the greatest common divisor of v and d.
13
Let d(h) = 4*h + h**2 - 5*h + 12*h + h - 5. Let x be d(-15). Calculate the greatest common divisor of x and 160.
40
Let t(p) = p**3 + 11*p**2 - 15*p - 8. Let z be t(-12). Suppose -z + 0 = -f. What is the highest common factor of 16 and f?
4
Suppose 36*i - 47*i + 154 = 0. Suppose -35 = -5*b + 5*p, -1 = i*p - 13*p. Calculate the greatest common divisor of 138 and b.
6
Suppose -15 = 18*l + 21. Suppose -5*f + 24 = -4*f - 5*c, -54 = -4*f - c. Let z be 66/l*f/(-21). What is the greatest common factor of 88 and z?
22
Let n be -3*(-12)/9*11. Let q(s) = 2*s**2 + 4*s + 66. Let j = 194 + -194. Let c be q(j). What is the greatest common factor of n and c?
22
Suppose d + 2*o = 4*o + 814, 5*d + o - 4026 = 0. What is the highest common factor of d and 104?
26
Let h = 38324 - 19818. What is the greatest common factor of 38 and h?
38
Suppose 2*d + 54 = 2*r, -40 = -r + 3*d - 19. Calculate the greatest common factor of 90 and r.
30
Suppose -3*t - 3*l - 335 = -578, 2*t - 158 = -3*l. Calculate the greatest common factor of t and 561.
17
Suppose 477 = 3*x - 4*j - 398, -2*x + 590 = -4*j. Calculate the greatest common divisor of 60 and x.
15
Suppose r - 5781 = -x, -5793 = -x + 7*r - 4*r. Calculate the greatest common factor of x and 24.
24
Suppose -b - 19 = 3*m, 187 - 172 = 3*b. Let l be m/(-60) - (-138345)/225. Calculate the highest common factor of 30 and l.
15
Let l = 22334 - 22294. Let i(p) = p**2 - 3*p + 2. Let a be i(-3). Calculate the highest common factor of a and l.
20
Let c(d) = -62*d - d**3 - 15*d**2 + 0*d**2 - 45 - 14*d**2 - d**2 + 2*d**3. Let z be c(32). Calculate the highest common divisor of 513 and z.
19
Suppose 5*b - 14886 = 20809. Calculate the highest common divisor of 121 and b.
121
Suppose 7*h + 2*f = 6*h + 68, h - 78 = 3*f. Let y(b) = -24*b + 6. Let q be y(-2). What is the highest common divisor of h and q?
18
Let d(z) = z**3 - 10*z**2 + 5*z - 6*z + 16*z**2 - z - 7*z + 30. Let l be d(4). Calculate the greatest common divisor of l and 88.
22
Let v be (33/(-55))/(6/(-50)). Suppose -v*f = j - 483, 399 = 2*f + 2*f + 5*j. What is the highest common divisor of f and 264?
24
Let w(v) = 339*v + 3507. Let r be w(5). What is the greatest common factor of 36 and r?
18
Suppose -2*b + 6*b = 140. Suppose 3*l - 60 = -836*q + 831*q, -q - 3*l = 0. What is the greatest common factor of b and q?
5
Let q = 86 + -76. Suppose -38*t = -q*t - 1260. Calculate the greatest common divisor of 60 and t.
15
Let t(u) = -27*u - 15. Let o be t(-6). Let r be (1*(-11 - 3))/((-6)/9). Calculate the greatest common divisor of o and r.
21
Let s = -13384 + 13403. What is the greatest common divisor of 10697 and s?
19
Suppose 148024 + 10013 + 21963 = 160*i. What is the greatest common factor of 3015 and i?
45
Suppose 6*o - 1720 = o. Let h = o + -240. Suppose -7*z - 2*z = -117. Calculate the highest common divisor of h and z.
13
Let b be (-2)/17 + 750818/1411. Let i = -524 + b. What is the greatest common factor of i and 32?
8
Suppose 10792 = 30*h + 3291 - 12239. Calculate the greatest common factor of h and 1598.
94
Suppose -4*i = 4*d - 304, 7*i + 49*d = 46*d + 516. Calculate the highest common divisor of 63 and i.
9
Let v(x) = -2*x + 1. Let a be v(7). Let d = a + 21. Suppose 3*k - 185 = -2*g, 7*g + 3*k + 431 = 12*g. What is the greatest common divisor of g and d?
8
Suppose -55*b - 182400 = -64*b - 119*b. What is the highest common divisor of b and 38?
19
Let k(o) = o**3 + o + 7*o - 12 - 6*o**2 - 4 - 2*o. Let z be k(6). What is the greatest common factor of 55 and z?
5
Suppose 937 + 215 = 72*p. What is the highest common divisor of p and 140?
4
Suppose -4*s + 230 = 19*s. Suppose -210 + 1470 = s*j. Calculate the greatest common factor of j and 45.
9
Let a be (-798)/57*(-174 - (2 + 0)/(-4)). What is the highest common factor of 14 and a?
7
Let a be 104355/12 - ((-27)/36)/1. What is the greatest common factor of 195 and a?
39
Suppose -3357 = -104*l + 4504 - 2661. Let q be 13740/55 + 4/22. Calculate the highest common factor of q and l.
50
Let o be -5*(6207168/(-40))/22. What is the highest common factor of 12 and o?
12
Let d(b) = 5*b**2 + 44*b + 1601. Let z be d(-24). Calculate the greatest common factor of z and 274.
137
Suppose 4*x + 38 - 521 = -s, 3*x - 1431 = -3*s. Suppose 0 = 480*m - s*m - 640. Calculate the greatest common divisor of m and 32.
32
Let f = 1431 - -261. Calculate the greatest common factor of 188 and f.
188
Suppose 23*h + 4*u = 28*h - 57, 3*u = -5*h + 71. Suppose 9*f - 5*f - 12 = 0. Suppose 2*g - f*g + 39 = 0. What is the greatest common divisor of g and h?
13
Let u = 773 - 637. Suppose y - 12 = v, 5*v + 43 = y + 3*y. What is the greatest common factor of u and y?
17
Let x be (-525)/100*(0 - 44). Suppose -x = -12*o - 39. Let v be 3 - o/(0 - 1). Calculate the greatest common factor of 209 and v.
19
Let r = -847718 + 847774. Let t(z) = z**3 + 4*z**2 - 5*z - 4. Let p be t(-4). Calculate the highest common factor of r and p.
8
Let y = -1760 - -1183. Let o = 669 + y. Calculate the highest common factor of 299 and o.
23
Let w(l) = 8*l + 121. Let v be w(5). What is the highest common factor of 46 and v?
23
Let w(s) = s**2 + 30*s + 38. Let v be w(22). What is the greatest common factor of v and 6?
6
Suppose 5*i = -5*r + 105, 0*r + r = 2*i + 27. Let l = 668308 - 668124. What is the highest common divisor of r and l?
23
Let t = 421 - 420. Let x be ((-13)/(-2))/(t/(1 - -87)). What is the greatest common factor of x and 26?
26
Let v be 12 - (-4 - -2 - -2). Suppose 5*k + 865 = 4300. Let r = k - 591. What is the highest common divisor of r and v?
12
Let r(h) = -h**2 + 33. Let b be r(0). Suppose -b*i + 612 = 150. What is the greatest common factor of i and 126?
14
Let g be 4/30 - 22*1535/150. Let h = g - -285. Let p(b) = b**3 + 5*b**2 - 4. Let z be p(-4). What is the greatest common factor of z and h?
12
Let j = 117 - 40. Suppose 23*p = 12*p + 231. What is the highest common divisor of j and p?
7
Suppose 189*f = 166*f + 14950. Calculate the highest common divisor of f and 350.
50
Let q be 57/45*25 + 1/3. Suppose 5*n - 8 - q = -5*t, 0 = -5*n + 4*t + 13. Calculate the highest common factor of 12 and n.
1
Let q(l) = -28*l**2 + l - 1. Let z be q(-1). Let m = -38 - z. Let b be 1/4 + (-1222)/m + 0. Calculate the highest common factor of b and 17.
17
Suppose -26 + 2 = -12*g. Suppose -v + 9 = -2*s - g*s, v - 17 = 2*s. What is the greatest common factor of v and 45?
5
Suppose -39 - 31 = -5*z. Suppose -6*y - 1640 = -z*y. Let n be (-123)/(0 - (-6)/(-4)). What is the greatest common factor of n and y?
41
Let j = -108 + -207. Let l be 1*12*j/(-12). What is the greatest common factor of l and 63?
63
Let g(k) = -k**3 + 10*k**2 - 8*k - 10. Let t be g(9). Let p(r) = -240*r + 5. Let o be p(t). What is the greatest common divisor of o and 105?
35
Suppose 195*z - 135985 = 482555. Calculate the highest common divisor of 52 and z.
52
Let b be -2*(-4)/36 + 1066/(-18). Let x = b - -73. Suppose 0 = -2*f + 22 + 34. What is the greatest common divisor of f and x?
14
Let x be ((-20)/(-14))/(-1 + (-45)/(-42)). Let l = 32 - x. Suppose -18 = -6*y + 5*y. What is the greatest common factor of l and y?
6
Let c(l) = -3*l**2 + 360*l + 748. Let j be c(122). Let z = 42 + -10. Calculate the greatest common factor of z and j.
16
Let g be (32/(-5))/((-10)/175). Let n = g + -95. What is the greatest common factor of 493 and n?
17
Let x = -66 - -70. Suppose 14 = j + x*j - 4*d, -4*j + 9 = -d. Calculate the greatest common divisor of j and 26.
2
Let h = 30164 + -30131. What is the highest common divisor of h and 1968?
3
Let q(v) = 21*v - 21. Suppose x - 3*g = -2*g + 16, 4*x + g - 64 = 0. Let s be 14 - x/(1 + 3). Let d be q(s). Calculate the highest common factor of d and 27.
27
Suppose 184*a = -5*f + 182*a + 1326, 2*f - 5*a - 542 = 0. What is the greatest common divisor of 1 and f?
1
Let r = 4348 + -4253. Calculate the greatest common factor of r and 1102.
19
Let z(y) = 18*y + 6. Let g be z(6). Let m(r) = -75*r - 20. L